d derivative of -k**5/60 - 5*k**4/24 - k**3/2 + k**2. Let z(w) = 2*w**2 + 7*w + 6. Let d be z(-4). Let c = d - 12. Calculate m(c).
3
Let v(z) = -z + 1. Let b be v(5). Let s(d) = -3*d**3 + 4*d**2 + 3*d**3 + d**3 - 1 - d + 0*d**3. Give s(b).
3
Let s = 49 - 33. Suppose -n - s = 3*n. Let v(o) = o. What is v(n)?
-4
Let k(d) = -37*d**2 + d + 5*d + 16 + 3*d + 36*d**2. What is k(11)?
-6
Let p(a) = 107 - 56 + a - 54. Determine p(3).
0
Let n(l) = l**3 + 6*l**2 + 5*l + 6. Suppose 5*t - 62 = -2*b - 16, -t - b = -8. Suppose 2*c + t = -0*c. Give n(c).
6
Let n(j) = 49*j + 10 - 3*j**2 - 40*j + 4*j**2. What is n(-7)?
-4
Let q(n) = 2 - 840*n + 3 + 841*n. Let g(j) = -j - 1. Let z be g(-1). What is q(z)?
5
Let g be (2 + (-6)/4)*6. Let z(b) = 3*b - 3. What is z(g)?
6
Let x(r) = r**2 - 8*r + 9. Let v = 50 + -43. Calculate x(v).
2
Suppose -3*w + 1 = -8. Let i(o) = 2*o**3 - 5*o**3 - 2 + 2*o**3 + 3*o**2. What is i(w)?
-2
Suppose 4*c + c + 23 = -2*x, 3*c + 29 = -5*x. Let p be x/(-14) + 16/(-7). Let w(s) = -s - 1. What is w(p)?
1
Suppose -10*k = -7*k - 9. Let q(a) be the third derivative of 0*a + 1/24*a**4 + 5/6*a**k - a**2 + 0. Calculate q(-3).
2
Let d(k) = 2*k**3 - k**2 - 2*k. Suppose -16 = -2*f + 2*l, -4*l - 5 = f + 7. Suppose 4 = f*p - 4. Calculate d(p).
8
Let c(t) = -t**2 - 5*t + 8. Let l(a) = -3*a**2 - 15*a + 25. Let q(i) = 7*c(i) - 2*l(i). Calculate q(-5).
6
Suppose 2*d = c - 0*c, 3*d + 3 = 3*c. Let a be 138/9 + c/(-6). Let p(q) = -1 + 2 + a*q - 4*q. What is p(-1)?
-10
Let w(y) = y**3 + 2*y**2 - 3*y. Let k be w(-3). Suppose -5*t + j = -4*j - 5, -j = 3*t - 11. Suppose t = f - k. Let l(z) = -z**2 + 5*z - 2. Give l(f).
4
Let z(t) = 6*t + 6. Let b(h) = 4 + 1 + 6*h - h. Let j(g) = 7*b(g) - 6*z(g). Give j(-1).
0
Suppose -60 = 4*f - 16. Let x = f + 6. Let a(g) = g**2 + 5*g + 2. Determine a(x).
2
Let b(q) = -q**2 + 5*q + 2. Let x be (-80)/(-12) - (-2)/(-3). Let i be b(x). Let o(z) = z**2 + 2*z + 1. Calculate o(i).
9
Let f be ((-4)/(-6))/(4/6). Let n(k) = -14*k + 1. Determine n(f).
-13
Let f(y) = -3*y**2 - 1. Suppose -3*n = n + 12. Let p be 0 + (n - -4)*-1. Give f(p).
-4
Let q(r) = -4 - 6*r - 3*r**2 + 2*r**2 + 3 - 1. Let z = 7 - 12. Determine q(z).
3
Let u(z) = -z**3 - z**2 + z + 1. Suppose -15 = -5*o - a, 2*o + o = 2*a - 4. Suppose 3*r = o*r. What is u(r)?
1
Suppose -t + 3*i + 7 = t, -4*t = 4*i + 36. Let l(k) = k**3 + 4*k**2 + k + 1. What is l(t)?
-3
Let u = -13 - -14. Suppose 3*t = -u - 2. Let n(r) = -r**2 - 2*r - 1. Give n(t).
0
Let h = 5 + -1. Let a(f) = f**2 - f - 1. Let c(p) = -p**3 + 9*p**2 - 8*p. Let r(u) = 5*a(u) - c(u). What is r(h)?
7
Let k(x) = -x**3 - 7*x**2 - 5*x + 7. Let f = 1 - 6. Determine k(f).
-18
Suppose -13*m + 10*m - 6 = 0. Let i(w) = 2*w - 1. Let s = -9 - -4. Let p(u) = 5*u - 1. Let x(f) = s*i(f) + 3*p(f). Calculate x(m).
-8
Let p(m) = -74*m + 11 + 31*m + 44*m. Let z be 0 + -2 + 2 + -6. Give p(z).
5
Let s = 10 + -10. Suppose -y + s = -2. Suppose 2*d + 2 = -t - 5, -2*d - y*t - 8 = 0. Let h(j) = j**2 + 4*j + 2. Calculate h(d).
-1
Let o(g) = -g**3 - 6*g**2 + g + 3. Let f(y) = 4*y**3 + 24*y**2 - 4*y - 11. Let l(i) = 2*f(i) + 9*o(i). Determine l(-6).
-1
Let f(j) = j**2 + 3*j + 2. Let l = 2 - -1. Let v be ((-1)/l)/((-4)/(-24)). Give f(v).
0
Let l = 37 - 32. Let z(k) = -k + 3. Determine z(l).
-2
Let p(d) = d**2 + 2*d + 1. Let i = -9 + 8. Determine p(i).
0
Let p(a) be the first derivative of a**7/840 - a**6/120 - a**5/40 + a**4/6 - 2*a**3/3 + 7. Let x(r) be the third derivative of p(r). Determine x(4).
8
Let o(y) be the second derivative of -1/12*y**4 + 0*y**2 - 1/6*y**3 + 0 + y. Calculate o(-3).
-6
Let l(q) be the third derivative of 0*q + 0 + 5/6*q**3 - 7/60*q**5 + 1/120*q**6 + 5/24*q**4 + 4*q**2. What is l(6)?
-1
Let k(j) be the second derivative of -25*j**3/6 + 13*j**2/2 - 2*j. Let w(s) = 6*s - 3. Let a(i) = 2*k(i) + 9*w(i). Calculate a(1).
3
Let y(v) be the first derivative of -v**3/3 - 7*v**2/2 - 6*v + 1. Let b be (-3 - -3) + (-4 - 0). Determine y(b).
6
Let h be (-8 + 4 + 1)/(-1). Let y(f) = 6*f - 3. Determine y(h).
15
Let n(d) = 3*d - 4. Suppose f - 12 = -5*x - 2, 0 = 3*x + 4*f - 6. Suppose j - x = -j. Suppose 0 = 2*h + 2*b - 11 + 1, -b + j = 0. Determine n(h).
8
Let h = 2 + 0. Let i(x) = 2*x**2 - 2*x + 2. Let s(u) = -3*u**2 + 3*u - 4. Let j be (7 - 1)*4/6. Let p(d) = j*s(d) + 7*i(d). Calculate p(h).
2
Suppose -4*a - a = 15. Let q(h) = -h - 2. What is q(a)?
1
Let z(m) = m**2 + 4*m + 1. Let w(d) = d**2 + 5*d + 1. Let x be w(-4). Determine z(x).
-2
Let c be (-2 + 0 + 3)*19. Let n(i) = 1 + 18*i**2 + 4*i - c*i**2 + 0*i. Calculate n(3).
4
Let y = -85 + 79. Let h(p) = -p**2 - 6*p - 3. Determine h(y).
-3
Let c = -2 - 3. Let m(f) be the first derivative of -f**2/2 - f - 2. What is m(c)?
4
Let o = 6 - 8. Let i(r) = 5*r + 1. Let c(f) = f. Let b(j) = o*i(j) + 9*c(j). Give b(-1).
-1
Let i be (-8)/(-5) - (-4)/10. Let l(p) = p + 1. Let z(d) = -8*d + 2. Let b(r) = l(r) + z(r). Give b(i).
-11
Let v be 10/(-4)*((-2)/10 - -1). Let o(f) = f**3 + 4*f**2 - f. Determine o(v).
10
Let q(l) = 18 + 15*l - 18. What is q(1)?
15
Let c(j) be the first derivative of -j**2/2 + 8*j - 1. Determine c(0).
8
Let t(i) = -2*i. Let h be (0 - 0 - -1) + 1. Let c be t(h). Let q(g) = 8*g + g**2 - 2*g + 6 + 0*g. What is q(c)?
-2
Let t(h) = h**3 - 3*h**2 - 4*h - 11. Let w(v) = -2*v**3 + 7*v**2 + 8*v + 21. Let d(g) = -5*t(g) - 3*w(g). Calculate d(7).
13
Let f(p) = 5*p**3 - 3*p**2 + 4*p - 8. Let d(s) = 2*s**2 - 7*s + 11. Let g(r) = -r**3 + r - 1. Let v(n) = -d(n) - 4*g(n). Let b(l) = -5*f(l) + 6*v(l). Give b(2).
-2
Suppose 0 = -5*f + 2*n + 21, -4*f + 4*n - 3*n + 18 = 0. Let k(y) = f*y - 3*y - 2 - 4*y + 1. Determine k(1).
-3
Let j(w) = 3*w + 2. Let v(a) = -3*a - 1. Let p(m) = 3*j(m) + 2*v(m). Calculate p(5).
19
Let k(q) = q**3 + 5*q**2 - 4*q + 8. Let t = 16 + -12. Let g be ((-4)/(-3))/(t/(-18)). Give k(g).
-4
Suppose 5*h - 8 - 7 = 0. Suppose -6 = -h*g + 6*g. Let j(y) = -3*y. Determine j(g).
6
Let o(v) = -v**2 + 4*v + 1. Let x be o(4). Let l(f) = -f + 7 - 5 - 1. Let z(b) = b**2 - 4*b + 3. Let w(u) = x*z(u) + 4*l(u). Give w(6).
-5
Let p(l) = l**2 + l - 3. Suppose a = -3*a. Calculate p(a).
-3
Let w(v) = 7*v**3 - 16*v**3 + 9*v**3 - 6 + v**3 + v - 5*v**2. Give w(5).
-1
Let z(u) = 5*u**3 + u**2 - u. Let c(x) = 4*x - 9. Let r(o) = o - 1. Let i(y) = -c(y) + 3*r(y). Let d be i(5). What is z(d)?
5
Let b(x) = -x + 2*x - 4*x + 0*x + 7. Calculate b(5).
-8
Let v(f) = 2*f - 3. Let n be v(3). Let p(j) = 0 - 12*j**2 + n + 0 - 6*j. Let b(t) = 11*t**2 + 5*t - 2. Let z(m) = 4*b(m) + 3*p(m). What is z(-1)?
7
Let x(o) = -11 + 0*o + o**2 + 3*o**2 + 4*o. Let g(h) = 3*h**2 + 3*h - 7. Suppose k = -3*k - 20. Let z(d) = k*x(d) + 7*g(d). Give z(0).
6
Let i be (-19)/4 - (-3)/4. Let p be (-3)/(0 - (-6)/i). Let k(v) = -v**2 - 3*v - v + p + 3. Give k(-5).
0
Let q(d) = -d**2 - 1 - d + 2 + 5. Let n = -20 - -20. Calculate q(n).
6
Let i(x) = 13*x**3 + 11*x**2 - 29*x + 28. Let f(m) = -3*m**3 - 3*m**2 + 7*m - 7. Let d(v) = -9*f(v) - 2*i(v). What is d(-6)?
1
Let h(o) = o - 38 - 38 + 76. What is h(5)?
5
Let v(g) = g**2 - 2*g - 1. Suppose -6 = 2*p - 2*z - z, 2*z = 3*p - 1. Give v(p).
2
Let z(f) = f**2 + 1. Let w(k) = 6*k**2 - k + 10. Let b(n) = w(n) - 5*z(n). Let q(i) = -i - 6. Let m be q(-6). Give b(m).
5
Let g(t) = -5*t + 4. Let p(i) = 11*i - 9. Let b(y) = -9*g(y) - 4*p(y). Give b(2).
2
Let m(x) = -x**3 + 12*x**2 - 12*x + 8. Let l be (-119)/(-11) - (-6)/33. Let p be m(l). Let b(r) = -r**2 - 4*r + 1. Determine b(p).
4
Let y(c) = c**2 + 9*c + 8. Let d(l) = -l**3 - 6*l**2 + 9*l + 6. Let v be d(-7). Let b = v + 1. What is y(b)?
-6
Let j be (-4)/3*(-2 + 5). Let u be (0 + -2)/(-2)*2. Let i(c) = -c**3 + 2*c**3 - 4*c**2 - u*c**3 - c - 4. Calculate i(j).
0
Let f(m) = -m + 15. Let j be f(9). Let x(c) = 3*c - 1. Give x(j).
17
Let b = 13 + -22. Let u = b + 10. Let x(z) = -5*z**3 - z**2. What is x(u)?
-6
Let d(z) = z + 1. Let i(f) = -f**3 + 10*f**2 + 2. Let o be i(10). Suppose -3*u - 3 - 15 = -o*g, 14 = g - 4*u. Give d(g).
7
Let q(p) be the second derivative of p**5/20 - p**4/4 - 5*p**3/6 + p. Suppose 2 = 5*k + 37. Let d(o) = -o - 3. Let s be d(k). What is q(s)?
-4
Let s(d) be the second derivative of -1/2*d**2 - 1/20*d**5 - 5*d + 5/12*d**4 - 1/3*d**3 + 0. Give s(4).
7
Let l(y) be the first derivative of y**3/3 + 3*y**2 - 9. Let r be l(-6). Let 